)/3. Suppose y + 25 = c*y. What is the units digit of y?
5
Let n(s) = 18. Let q(o) = o + 35. Let k(x) = 5*n(x) - 3*q(x). What is the units digit of k(-11)?
8
Suppose 0 = m + 2*o - 51, 3*m + 0*o = 2*o + 177. Suppose 5*k - 75 = -5*p, -p - 3*p + m = 5*k. What is the tens digit of p?
1
Suppose 57 = 4*o - 5*b, 5*o - 55 = -0*o + 3*b. Let t be -4*(-10)/16*2. Let g = o - t. What is the units digit of g?
3
Let g be (1/2)/((-2)/4). Let w be g*(3*-2 - -1). Suppose -2*n + w = -3. What is the units digit of n?
4
Let k(h) be the second derivative of -h**6/360 + h**4/2 - 2*h**3/3 - 3*h. Let v(l) be the second derivative of k(l). What is the tens digit of v(0)?
1
Suppose -2*x + a - 9 = 2, a = 5. Let l be ((-2)/x)/((-4)/(-1476)). What is the units digit of 1/(-5) - l/(-30)?
8
Let d = 15 - 11. Suppose g - d*g = -15. Let h = -4 + g. What is the units digit of h?
1
Let f be 6*(-1 - (-3)/9). Let g = f - 1. Let v = 9 + g. What is the units digit of v?
4
Suppose -2 = -4*p - 18. Let i be (1 - 0)/(p/(-12)). What is the units digit of -5 + i + (9 - 1)?
6
Let n(l) = 3*l + 3. Let x be n(-2). Let g be (-8 + 6)*x/2. Suppose 0*t = -g*t + 3. What is the units digit of t?
1
Let g = -4 - -8. Suppose -c = -g - 1. Suppose c*f - 49 + 9 = 0. What is the units digit of f?
8
Suppose -s + 81 = 2*p, -4*s + 4*p = 5*p - 296. What is the units digit of s?
3
Let n = 26 - 56. What is the tens digit of ((-10)/4)/(5/n)?
1
Let a(i) = 65*i**2 + 2*i. What is the tens digit of a(-1)?
6
Let v(r) = r**3 - 12*r**2 + 11*r + 12. Let t be 57/5 + 4/(-10). What is the units digit of v(t)?
2
Let b(u) = -u**2 + 5*u - 4. Let f be b(3). What is the tens digit of 2/((-4)/(-14))*f?
1
Let o = 8 + -7. What is the units digit of o/((-1 + 2)/1)?
1
Let a = 0 - -2. Suppose -a*k = 5*m + 12, 28 = 4*k + 2*m - 5*m. What is the units digit of k?
4
Suppose -5*u = -194 + 54. Suppose -3*w = 5*x - u, -4*x + 5*w + 18 = 3*w. Suppose x*t + 4*s - 105 = 0, -3 = -4*t + 4*s + 45. What is the units digit of t?
7
Suppose 0 = -o + f, 2*f + 24 - 3 = -5*o. Let n = o + 1. What is the units digit of 1 + (2 - -1) + n?
2
Let y = -23 + 34. Let s = -4 + y. What is the units digit of s?
7
Let z = 2 - -3. What is the units digit of ((-4)/z)/((-6)/105)?
4
Let o be 23/4 + 4/16. Let c = -5 + o. What is the units digit of c?
1
Let s(k) = -k**3 + 15*k**2 - 16*k - 12. What is the tens digit of s(8)?
0
Let s(y) = y**3 + 7*y**2 - 6*y - 2. What is the tens digit of s(-7)?
4
Suppose 0 = 4*w - 6 - 2. Let u be 3*-2*w/6. What is the units digit of 6 - (1 + u/(-2))?
4
Let x be (-3)/((6/(-4))/1). Suppose x*t - 10 = t + 4*k, 5*k = -10. What is the units digit of t?
2
Let m(q) = 19*q**2 - 5*q + 5. What is the units digit of m(2)?
1
Let n(l) = -l**3 + 3*l**2 + 4*l - 1. What is the units digit of n(3)?
1
What is the units digit of (-29)/(-5) + 2/10?
6
Suppose -r + 2*b + b + 18 = 0, -b + 18 = r. What is the units digit of r?
8
Let x = 65 + -29. What is the units digit of x?
6
Suppose 0 = -o - o + 5*q + 37, 5*q = o - 31. Let z(b) = -b**3 + 7*b**2 - 4*b + 6. What is the units digit of z(o)?
8
Suppose 4*x - 320 + 88 = 0. What is the tens digit of x?
5
Let r be (-8)/(-12) - (-2)/(-3). Let g be (-9)/(-6)*4/6. What is the units digit of (r - -1) + (11 - g)?
1
Let v(w) = 4*w + 3*w - 1 - 6*w - 4*w**2 + 3*w**2. Let q be v(0). What is the units digit of (-1)/(q + 27/30)?
0
What is the tens digit of 172/4 - (1 + 1)?
4
Let o(j) = j**2 - 8*j - 1. Let x be o(7). Let b = x - -9. What is the units digit of b?
1
Let l(f) = -f + 11. Let u be l(6). Let i = u - 2. What is the units digit of i?
3
Let u(t) = -t - 7. Let q(k) = -1. Let c(b) = 5*q(b) - u(b). Let y be c(-5). What is the units digit of y/((-3)/66*3)?
2
Suppose 3*w - 43 = -5*k, -4*w = -4*k - 3 - 1. What is the units digit of w?
6
What is the units digit of 475/20 + 6/(-8)?
3
Let d be 1/4 - (-33)/12. Suppose d*p + 5 - 26 = 0. What is the units digit of p?
7
Suppose -5*h - 16 = -46. What is the units digit of h?
6
Let q = 4 + -4. Suppose 2*g + 119 = -3*y, y = 5*g - q*g - 34. What is the units digit of 6/(-8) + y/(-4)?
9
Let h(r) = -r**3 - 7*r**2 - r - 4. Let d be h(-7). Suppose -d*j + 0*j = -21. What is the units digit of j?
7
Let d = -4 - -5. Let g be d/(-1) - (0 + -3). Suppose -v - g = -3. What is the units digit of v?
1
Let a(o) = 12*o - 32. What is the tens digit of a(14)?
3
Let w(g) be the third derivative of g**6/120 - g**5/10 + g**4/24 - 2*g**3/3 - g**2. Let s be w(6). What is the units digit of (0 + s)/(-2) + 8?
7
Suppose 2*o = 5*o - 183. What is the units digit of o?
1
Let q = -11 - -100. What is the units digit of q?
9
Let t(m) = -66*m - 13. What is the tens digit of t(-2)?
1
Let t = -4 - -7. Suppose o - 5 + t = 0. What is the units digit of 10 + -2*o/4?
9
Let t(k) = 9*k**2 - 2*k - 1. Let z be t(-1). Suppose 3*f - 30 = 5*p, 2*p - 4 = -4*f + z. What is the units digit of f?
5
Let p = -12 + 24. Suppose -2*h + 62 = p. What is the tens digit of h?
2
Let y(u) = u**3 - 5*u**2 - 2*u - 7. Let s(q) = q**3 + 3*q**2 + 1. Let m be s(-4). Let k = m + 21. What is the units digit of y(k)?
7
Suppose 0*i + 29 = 3*i - 4*d, -5*d - 37 = -4*i. What is the units digit of i?
3
What is the units digit of 245/10 + (-3)/(-6)?
5
Let l(q) = 2*q**2 - 5*q + 8. What is the units digit of l(4)?
0
Let y be (7 - 3)/(1 - -1). Suppose 3*h = y*h + 23. What is the units digit of h?
3
Let u be 3/21 - (-228)/(-28). What is the tens digit of u/32 + 101/4?
2
Suppose 0 = -3*l - 8 + 32. Let d = l - 6. What is the units digit of 4/(-6)*(-15)/d?
5
Suppose 0 = 5*g + 5*t - 20, -3*t = -g + t - 16. Suppose 20 + g = 4*o. What is the units digit of o?
5
Let r(d) be the second derivative of -4*d**3/3 - 3*d**2/2 - 2*d. What is the units digit of r(-2)?
3
Let a = -44 + 98. What is the units digit of a?
4
Suppose 5*y + 3*d - 85 = 0, -3*y + 47 = 4*d - 3*d. Suppose -5*h - 3*o + y = 0, h + 2*o + 2*o - 13 = 0. Suppose 0 = -3*a + h + 2. What is the units digit of a?
1
Suppose 4*p = -5*s - 10 + 50, 0 = 2*p - 5*s + 10. What is the units digit of ((-8)/(-2) - 3) + p?
6
Suppose -3*x + 2*w + 100 = 0, 22 = x - 3*w + 8*w. What is the units digit of x?
2
Let z = 6 + -4. Let y(g) = 3*g**3 - 2*g**2 - 2*g + 2. Let a be y(z). Suppose 4*v = 2*t - 0*t + a, 3*v + 3*t = 24. What is the units digit of v?
5
Let j(o) be the second derivative of -o**3/6 + o**2/2 + o. Let c be j(5). What is the tens digit of c/22 - 167/(-11)?
1
Let q(m) = m**2 - 8*m. Let r be q(9). Let w = r - -5. What is the units digit of w?
4
Suppose -2*u + u = -2*q + 179, 3*u - 383 = -4*q. What is the tens digit of q?
9
Suppose 3*c + 4 = 1. What is the units digit of (-9)/(-3) - 2/c?
5
Let z = -16 - -17. Let u be -2 + ((-2)/1 - -1). Let x = z - u. What is the units digit of x?
4
Let k = 1 + 1. Suppose -14 - 16 = -k*m. What is the tens digit of m?
1
Let o = 14 - 11. What is the units digit of o + -3 + -4 - -32?
8
Let z(d) be the first derivative of -d**2/2 + 9*d + 3. Suppose 0*w = 4*w - 32. What is the units digit of z(w)?
1
Suppose 2*c = 3 + 3. Suppose 4*n - c*s - 61 = -6*s, -4*n + 4*s + 96 = 0. What is the units digit of n?
9
Let o(s) = -25*s + 13. What is the tens digit of o(-3)?
8
Let w = -14 - -15. What is the units digit of w?
1
Let m(p) = -p**3 - p**2 + 8*p - 4. What is the units digit of m(-4)?
2
Let j = 3 + -2. Let b(c) = 3*c. Let r be b(j). Suppose -2*a + r*z + 31 = 3*a, -3*z - 11 = -a. What is the units digit of a?
5
Let h(m) = m**2 + 15*m + 17. What is the units digit of h(-15)?
7
Let s = -53 - -22. Let h = s - -47. What is the units digit of h?
6
Let t(w) = -w**2 - 3*w + 2. Let m be t(-4). What is the units digit of 2*12*m/(-6)?
8
Let b(o) = o + 79. What is the tens digit of b(0)?
7
Suppose 443 = 2*x - 3*j, -5*j - 919 = -4*x - 10*j. What is the tens digit of x?
2
Let i(m) = -m**2 - 20*m + 28. What is the units digit of i(-12)?
4
Let v(c) = -c**3 - 9*c**2 + 7*c + 32. What is the units digit of v(-10)?
2
What is the tens digit of 5 + -4 + 2 + 25?
2
Suppose 5*f - 96 = 5*j + 24, 2*f - j = 51. What is the tens digit of f?
2
Let a(j) be the first derivative of 5*j**3 - 5*j**2/2 + j - 2. Let c(p) = -p. Let y(r) = a(r) - 6*c(r). What is the units digit of y(-1)?
5
Suppose -5*p + 4*p + 9 = 0. Suppose x + 17 = 2*o - 0*o, -3*x = o + p. Let i = -1 + o. What is the units digit of i?
5
Suppose 0 = -3*o - 5*p + 155, -4*p -